= w**2 - 8*w + 3. Let a(d) = -d**2 + 4*d - 2. Let l(s) = -5*a(s) - 3*r(s). Is l(9) a composite number?
False
Let s(y) = 18*y**3 + y**2 - y - 6. Let p be s(3). Suppose -4*g - p = -4*j + 146, 0 = 4*j - 3*g - 631. Is j a prime number?
True
Let a = 135 - 29. Let q be (1 - -11)/(2/a). Suppose -q = -3*w + 3. Is w composite?
True
Suppose -4*s = 4*g - 104348, 2*s - 58790 + 6644 = 5*g. Is s a composite number?
False
Suppose 3 = -5*y + x - 4*x, -5*y + x + 1 = 0. Suppose y*c - 2*v - 409 = -c, 2*c + v - 843 = 0. Is c a composite number?
False
Let h(p) = 169*p**2 + 1. Is h(-2) a prime number?
True
Let j = -49139 - -75818. Is j prime?
False
Suppose 0 = -52*o + 48*o + 3876. Suppose 0 = -5*c + 2*c + 1236. Let s = o - c. Is s a prime number?
True
Let b be (-8)/(-14) - (-21)/49. Is ((506*2)/4)/b prime?
False
Suppose 0 = -2*r - 2*y + 9156, 18328 = 4*r + y - 5*y. Suppose 5*a - r = a. Is a composite?
True
Is 5201538/172*(1 + 1) a composite number?
True
Let k(l) = -l**3 + 9*l**2 - 4*l + 13. Let u be -4 - (-1 - (-18)/(-2)). Is k(u) a prime number?
True
Let s(p) = -5*p**3 - p**2 - 2*p - 1. Let z be s(-1). Suppose -5*a = z*l - 7105, 0 = -3*l - l - a + 5675. Is l a prime number?
False
Suppose -36*l = -39*l + 25449. Is l a composite number?
True
Is (-16)/(-72) - 26341/(-9) a prime number?
True
Suppose -4*m + 9*m = 20. Let z(d) = 140*d - 18. Is z(m) prime?
False
Let o be 1 + 0 - (0 + 5). Let s = o - -122. Let z = -81 + s. Is z prime?
True
Suppose -5*r + 191 = -y + 5792, 3*y = -4*r + 16727. Is y a prime number?
True
Is 311094/90 + ((-21)/(-15) - 1) a prime number?
True
Suppose -16*k = -15*k. Suppose k = -2*t + 8. Suppose t*q + 1172 = 6*q - 2*z, -3*z - 2924 = -5*q. Is q a prime number?
False
Suppose -7*v = -49*v + 167538. Is v composite?
False
Suppose -4*u - 5*r + 23478 = -2*r, r = -4*u + 23474. Let y be u/8 + (-2)/(-4). Let p = y + 109. Is p prime?
False
Let o = 69 - 77. Is -13*(-268)/o*-2 composite?
True
Is (-6 - 264/(-30))/(6/7305) a composite number?
True
Let t be 5292 + (-7)/((-21)/9). Suppose 0*m + t = 3*m. Is m composite?
True
Let m be -1*(-5 - (-2 - -1)). Let b be 158/m*(4 - 2). Suppose 4*i = 4*h - b + 411, 2*h - 229 = -3*i. Is i composite?
False
Let i be (-18)/4*4/3. Let d be -1 + (-3)/i*-2. Is (2 - -132)/(d + 4) a composite number?
False
Suppose 2*w = 5*i - 52911, -7*i = -9*i - 4*w + 21174. Is i a composite number?
True
Suppose 2*r - 564 = 100. Let s be (-1)/(-2 + (-242)/(-122)). Let b = r - s. Is b a composite number?
False
Is -3*(1 + -3608)/(9/21) composite?
True
Let r(k) = -216*k - 53. Is r(-6) a composite number?
True
Is ((-980)/308 + (-2)/(-11))*-157 composite?
True
Let g(m) = -m**2 + 4*m + 12. Suppose -2*q = q - 18. Let j be g(q). Suppose j*h = -5*h + 3905. Is h a prime number?
False
Suppose 0 = -u + 3*j + 20804, 5*u - 102434 - 1637 = -2*j. Is u prime?
False
Let o(y) = -6 - 1 - 323*y - 42*y - 21*y. Is o(-3) a composite number?
False
Let v be ((-6)/4)/((-1)/(-12)). Let b = 23 + v. Suppose 318 = -b*h + 7*h. Is h a prime number?
False
Suppose -4*k = -27 + 11. Let w be (k + -5)*(3 - 4). Is (-48)/16 - w*-109 prime?
False
Is -1*(16194/(-12))/(1/2) composite?
False
Let u be (27*1)/(1/2). Let r be (-2)/(-4) + u/4. Let a = r - -23. Is a a prime number?
True
Suppose 2*j + j - 6 = 2*q, -1 = q - j. Let u(z) = 29*z**2 + z - 7. Let n be u(3). Is n - (-3)/((-3)/q) composite?
True
Let d(j) = 4*j**2 - 511*j - 41. Is d(-33) a composite number?
True
Let j(q) = q**2 - 16*q - 16. Let y be j(17). Is 17 + (y - 2) + 3 a composite number?
False
Let p = -14 + 41. Suppose 3*l + 5*m = p, 3*l = -2*m + m + 15. Suppose -196 = -x - w - 42, -l*w + 765 = 5*x. Is x a composite number?
False
Let q(z) = z**3 + 11*z**2 + 10*z - 9. Let s be q(-10). Let c = -11 - s. Is (-2460)/(-8) + c/4 a prime number?
True
Let r(v) = -v**2 + 3*v + 2. Suppose 0 = u - 2*c - 9, -5*c = 3*u + 2*u. Let b be r(u). Suppose b*o = -3*i + 617, -i + 3*o = -o - 201. Is i a prime number?
False
Is 531771/51 + (-4)/(-34) composite?
False
Suppose 0 = 3*d - 5*k + 17, -2*d + d = -5*k - 1. Let j(g) = -6*g**2 - 8*g + 10*g**2 + 7*g**2 + 1 + g**3. Is j(d) a composite number?
True
Let m(l) = 2053*l**2 + 4*l - 6. Is m(1) a prime number?
False
Let w(n) be the third derivative of 0*n - 1/8*n**4 + 0 + 1/2*n**3 + 8*n**2 + 17/60*n**5. Is w(2) prime?
False
Suppose -25687 = 67*s - 84*s. Is s a prime number?
True
Suppose -5*c - 3*b = -2321 - 0, 2*c + b = 929. Suppose 5*f - 469 = c. Is f a composite number?
True
Suppose 8*t - 356534 = 150114. Is t a prime number?
True
Let r(h) = 15*h**3 + 29*h**2 - h - 33. Let a(t) = -5*t**3 - 10*t**2 + 11. Let c(b) = -8*a(b) - 3*r(b). Is c(-8) a composite number?
False
Suppose 1444 = 8*w - 4*w. Suppose 2*u - m - 4 = 345, 3*m = -2*u + w. Let o = u - -15. Is o a composite number?
False
Let l = -24663 - -42320. Is l prime?
True
Let t be ((-10)/(-3))/(13/(-39)). Let k be (-226)/t + 8/20. Suppose -4*a - k = -5*i - 817, 5*a - 3*i - 999 = 0. Is a a prime number?
False
Let k be (2/7)/(8/(-14))*6. Let q(r) = 4*r**2 + 5. Let o(y) = y. Let c(i) = -2*o(i) + q(i). Is c(k) composite?
False
Suppose -2*s - 4*z + 89838 = -10656, 5*z - 20 = 0. Is s a composite number?
True
Is 2*3/(42/15659) a prime number?
True
Suppose 8381 + 18432 = 3*v - a, -3*a - 26805 = -3*v. Is v prime?
False
Let u = 807 - -134. Is u composite?
False
Let b(q) = -57*q + 15. Let s be b(-6). Let c = s - -440. Is c composite?
False
Suppose -3 = -5*x + 2. Let o be ((-13)/39)/(2/24). Is 0 + o + x + 1154 a prime number?
True
Let w = 1477 - 1027. Suppose 2*m = 5*m - w. Is m/8 + 3/12 prime?
True
Suppose 97984 = 22*q - 176422. Is q a prime number?
True
Let v(p) = p**2 + p + 1. Let y(q) = 47*q**2 + 17*q + 18. Let r(u) = -5*v(u) + y(u). Is r(-7) a composite number?
False
Let q = 20183 - 13680. Is q a composite number?
True
Suppose 2*z = k + 2, -2 - 2 = -2*z. Suppose -k*h - 2*t = -492, 2 = 2*t - 4*t. Is h composite?
True
Suppose 4*o - 3*o - 1345 = -4*m, o - 1365 = m. Is o a composite number?
False
Let t(f) = -20*f**3 - 8*f**2 - 22*f - 17. Is t(-9) a composite number?
True
Let m(i) = 18*i**2 + 128*i**2 - 4*i + 25*i**2 + 10. Is m(3) a composite number?
True
Is (3 + 12 - 20) + 824*3 composite?
False
Let c = 11 + -5. Suppose 4*h = 2*p + 2, c = 3*h - 0. Suppose 23 = -p*m + 98. Is m a composite number?
True
Suppose 3*k + 247 = 5*y + 1741, 0 = 2*y - 3*k + 603. Let b = 434 + y. Let t = 26 + b. Is t a composite number?
False
Is ((-160)/(-12) + -1)/(6/1962) a prime number?
False
Let j(p) = p**2 - 22*p - 19. Let b be j(23). Is 1/(b/(-17740)*-5) prime?
True
Let a = 38 + -37. Let g be (-2)/a - (22 - 26). Suppose g*v + 2*z - z = 740, -3*z = -4*v + 1490. Is v prime?
False
Let q(m) = m**2 - 17*m + 3. Suppose -4*s + 52 = 3*n, 0 = -n - 0*n - 5*s + 32. Let j be q(n). Let f = j - -314. Is f a prime number?
True
Suppose -5*o - 3 + 13 = 0. Suppose 0 = -v - 3*y + o, v + 2*y + 22 = 5*y. Is v + 6 + (1 - -334) a composite number?
False
Suppose 72 = g - 5*f, -250 = -4*g + 2*f - f. Suppose -4*n - g = 2*w, -5*n + 2*w = 4*w + 75. Is (-40538)/(-26) + 2/n a composite number?
False
Let m = 97 - 37. Let g = m - -11. Is 1 + 2 - (-5 - g) prime?
True
Suppose 2*g - 8*g + 48 = 0. Suppose -k = -g*k + 2485. Is k prime?
False
Let d(k) = 6*k**2 + 2*k - 1. Let r be 2/(-4) - 23/(-2). Let c = 12 - r. Is d(c) a composite number?
False
Suppose -3*k + 6 = -6*k, 5*u - k = 19947. Is u composite?
False
Suppose 7*k = 46 - 11. Suppose -3*p + 3929 = p + t, 4912 = k*p + t. Is p a prime number?
True
Let z = 7852 + 3261. Is z composite?
False
Suppose 3*u - 9 = 0, 0 = -4*k + 8*k + 3*u - 18197. Is k a prime number?
True
Let m = 637 + -313. Let n = -345 + 152. Let y = m - n. Is y composite?
True
Let j be 1 + (-20)/(-8)*2. Suppose -j*x = -2*x + 24. Let t = 1 - x. Is t prime?
True
Suppose 0*f - 12*f + 84 = 0. Let h(b) = 5*b**3 - 2*b**2 - 13*b + 9. Is h(f) a prime number?
False
Let h = 3863 - -2730. Is h composite?
True
Let j be (5 - (-115)/(-25))*5. Is 2/8*1858*j composite?
False
Let c(l) = 59*l + 3. Let q be c(2). Suppose -7*w + 8*w - q = 0. Is w a prime number?
False
Let p(d) = -2*d + 28. Let i be (-266)/18 - 3/(-27)*-2. Is p(i) a prime number?
False
Let z(i) = 5*i + 3. Suppose o + 3*o - 36 = 0. Suppose 3*j - 44 = 4*k, 4*j + 3*k + 55 = o*j. Is z(j) a prime number?
True
Let t = -8501 - -20892. Is t a prime number?
True
Let m